2 - -5 - (-12 + -12 + 30)?
-3
Calculate 0 + -11 + -16 - -18 - -8.
-1
Calculate -110 - -108 - (11 - (0 - -3)).
-10
Evaluate -5 + (0 + -5 + 7 - -3).
0
-11 + (-4 - (-3 + 6 + -8 - 28))
18
6 - (2 + 1 - (38 - 48))
-7
What is the value of -3 + 16 + -1 + -3 - 16?
-7
What is (54 - 49) + -8 + (3 - 5) + 3?
-2
What is 9 + (5 - 14) + 2 + -12 + 1?
-9
(-4 - -2) + 7 + (6 - 11) + 6
6
What is the value of 13 + -25 + 11 + 7?
6
What is the value of (-3 + -3 + 6 - 10) + (3 - -2)?
-5
Calculate 11 + 0 + -1 - (-23 + 31) - 3.
-1
Evaluate -9 + (4 - 5 - (4 - (4 - -7))).
-3
Evaluate -14 - ((6 - 5) + -11).
-4
Calculate -20 + 15 + (-19 - -22).
-2
What is 8 + -1 + (5 - 0) + (-17 - -26)?
21
Calculate 25 + 16 + -23 + -2.
16
What is the value of -1 - ((-3 - -11) + 9) - -7?
-11
What is (7 - (-7 + 1) - 5) + -13 + 10?
5
What is the value of 10 - (-14 - (-9 + -27)) - 9?
-21
Calculate 11 + 1 + (-118 - -108).
2
What is (-111 - -113) + (-17 - (1 + -3))?
-13
(-15 - -11) + -10 - -14
0
Evaluate 17 + (2 - (26 - 15)).
8
What is (1 - 11) + 12 + 3?
5
Calculate -140 + 140 + (1 - (24 - 1)) + 0.
-22
Calculate (2 - 10 - 0) + (223 - 206) + -4.
5
Calculate (-26 + 15 - (6 - 6)) + 10.
-1
Calculate -6 + -28 + 11 + 10.
-13
What is the value of 1 + (1 - (-1 - 2)) + -3 + -7?
-5
Calculate ((-6 - -11) + 1 - 4) + (10 - 1).
11
470 + -489 - (1 + -34)
14
3 + (0 + -3 - (7 - (19 + -4)))
8
Evaluate -8 - (-8 + 12 + -3 - 11).
2
Calculate -4 - 0 - -2 - (-6 + -1).
5
Evaluate -29 + (21 - 8 - 2).
-18
What is the value of (8 - 15) + -5 - -4 - -12?
4
Evaluate -21 + 23 + 13 + -17.
-2
Evaluate (-8 - 4 - -8) + (4 - 1).
-1
Calculate -2 - -20 - 15 - (3 + 1).
-1
What is -4 + 7 + (26 - 29) + 0 + 0?
0
Calculate -4 - (-12 + 4) - (-9 + 1).
12
Calculate 2 + (-10 - (0 + 11)) + 8.
-11
Evaluate -16 + (-2 - ((10 - 5) + 0)) - 1.
-24
What is 1767 + -1835 - (-1 + -38)?
-29
What is the value of 0 + (10 - -8) + (-8 - -3 - 2)?
11
1 + 3 + 20 + 32 + -16 + -11
29
What is the value of 28 + (-43 + 34 - -2)?
21
Calculate (-1 - 1) + 0 + 22 + -1.
19
What is -15 + 9 - (-2 - (0 + 0) - 4)?
0
(-29 - -6 - 4) + 29
2
Calculate 0 - 1 - (-21 + (10 - 0)).
10
What is -23 + 3 + -5 - (17 - (-20 + 39))?
-23
What is the value of 1 + (16 - 1) + -8?
8
What is -9 + 19 + -12 + 9 + -7?
0
Evaluate 11 + -12 + (-4 - (-3 - -7)).
-9
What is the value of 21 + 4 + -21 + -25?
-21
What is the value of 12 + -16 + 8 + -7 + 5?
2
Calculate -15 - -5 - (7 + -11) - (1 - 3).
-4
Evaluate 159 + -130 + -23 + 0.
6
What is the value of -11 + 11 + -21 + 13?
-8
What is 4 + 5 + -3 + -23 + 15?
-2
(3 - -23) + -34 + 2
-6
-28 - ((-45 - -26) + -15)
6
Evaluate 24 + 5 + -33 - 12.
-16
-21 + (-8 - -14) + (-3 - (3 - 7))
-14
Calculate (18 + -8 - 19) + (26 - (-2 - 0)).
19
Evaluate -9 - -26 - (6 - 5 - -4) - -2.
14
Calculate (-16 - -9) + 17 + -4 + (6 - 1).
11
Evaluate -1 - (-9 + (-4 - (3 + -2)) + 11).
2
What is the value of (-17 - (4 + -7)) + 10 - 14?
-18
Calculate (48 - -21) + -19 + -29.
21
What is (-9 - (-16 - (-20 + 6))) + 29?
22
(-1 - -7) + -1 + (8 - 3)
10
What is (0 - (-37 - -5)) + 11 + 1 + -20?
24
What is the value of (-21 - (7 + -15) - 14) + 12?
-15
1 - (19 - 17 - 17)
16
What is 4 + (-25 - -45) + -18 + (0 - -3)?
9
Evaluate (2 - (8 - 4)) + 3 + -9 + 8.
0
-5 + -13 + (-3 + 7 + -7 - -6)
-15
(-95 - -84) + 0 + 1 + 2
-8
Evaluate 11 - (34 + -10 + -6).
-7
What is -215 + 207 - (-2 - -2 - 9)?
1
Calculate -1 - (21 + -17 + (-3 + 6 - 2)).
-6
Calculate -4 + (-4 - -8) + 13 - (-36 + 39).
10
What is -5 + (36 - 19) + -1 + 0?
11
What is the value of 38 + 47 + -91 - -24?
18
What is 2 - (8 + -9) - (7 - 26)?
22
What is 22 + -20 - (4 - (3 + -2)) - -2?
1
Calculate (16 + -16 - (0 + (-2 - 1))) + -1.
2
Evaluate (-9 - 2) + (45 - 14).
20
What is the value of (-2 - -21) + -9 + -11?
-1
Evaluate 0 - (-11 - (-8 + 7)).
10
What is (4 - 7) + 9 + (-3 - 3)?
0
What is the value of -4 + 9 + -2 + (2 - -8)?
13
Calculate -12 + 45 + 35 + -58.
10
What is the value of -24 - -26 - (-5 + 3)?
4
Calculate -3 - (-43 - (-71 - -9)).
-22
What is (22 - 1) + -21 + (2 - 3)?
-1
-1 - -5 - (-23 - (-13 + -6)) - 2
6
-8 + -10 + 33 + -10 + 11
16
What is the value of -4 + -1 + 19 + -14 - (-11 - 3)?
14
What is -7 + (14 - -10) - 32?
-15
What is the value of 0 - (1 + (0 - 2) + (60 - 50))?
-9
What is -11 + (42 - (68 - 2))?
-35
Evaluate -25 + -24 + 27 + 17.
-5
What is (34 - 18) + -14 + 14?
16
What is the value of 64 + -65 + (0 - 17 - (7 + -9))?
-16
9 - 9 - 5 - -8 - -8
11
(3 - -2 - (-2 - -4 - -7)) + 3
-1
1 - 4 - (6 + -2) - (11 + -27)
9
What is 7 + 11 + (-8 - (-3 - 0))?
13
What is -3 + 14 + (6 - -4) + -15?
6
What is -4 + (-4 + 4 - -3) + -9?
-10
What is 3 + (-5 + -2 - (-12 + 2)) - -1?
7
What is the value of 1 + (0 - 2 - (-21 - -22))?
-2
What is the value of (-3 - (0 + 1)) + -6 + 2 + -1?
-9
What is 6 + -5 + 16 - 10?
7
(-4 + (3 + 0 - -4) - 0) + 14
17
What is 9 - (-4 + -16 + 15 + (-5 - -13))?
6
-5 - 12 - ((-5 - -7) + -8)
-11
Evaluate (3 - 3) + 0 + (-10 - -15) + 7.
12
What is 0 + -17 + -1 - (-6 - -4 - 4)?
-12
What is 2 + 1 - (-7 - (-24 - -9) - -2)?
-7
What is (-2 - -8) + 3 - (25 + -30)?
14
What is the value of -33 - ((-4 - ((-15 - -4) + 8)) + -9)?
-23
Calculate 1 + -6 - (6 + -25).
14
Evaluate -291 - -275 - (-13 + 1).
-4
Calculate -11 + (-12 - -22) + 12 - (0 - -1).
10
46 + (10 - ((14 - 2) + 14))
30
What is the value of -1 + (-4 + (18 - 8) - (-3 + -2))?
10
Evaluate 14 + (32 - (13 + 15)).
18
Calculate 8 - (12 + 11 + -24).
9
Evaluate 26 + -21 + 1 + 14 - 8.
12
Calculate 24 + (3 - 1) + -4.
22
8 + (9 - 7 - 3) + -10 - -8
5
Evaluate 2 + 2 + 0 + (7 - 5).
6
Evaluate -15 + 27 + 11 + -3 - 15.
5
What is -72 + (-28 - (-34 - 39))?
-27
Calculate (-37 - (9 + -14)) + 14.
-18
What is the value of -7 + (25 + (-9 - -6) - 16)?
-1
Calculate 0 - 6 - -6 - (26 + -15 + -16).
5
6 - -1 - (-26 + 39 + -24)
18
Calculate -4 + 23 + (-7 - -1) + 12 + -10.
15
0 - ((0 - (12 + -6)) + -6 + 18)
-6
What is -9 + (1 - (0 - 0)) + (24 - 19)?
-3
Evaluate 0 + 1 - (-69 + 40 + 32) - 16.
-18
Evaluate -10 + 17 - (22 + 3).
-18
Calculate (16 + -3 - 12) + (-5 - 4).
-8
(187 - 148) + (4 - 73)
-30
What is -12 + 13 + (-1 - (2 - -1)) + 5?
2
What is -5 + -1 + 2 + 17 + -159 + 164?
18
What is the value of -10 + (-5 - 1) + (13 - -15)?
12
Calculate 10 + (3 - (2 + -1 + -5 - -5)).
12
What is the value of -2 - (11 + -7 + 5 + -6 + 1)?
-6
Evaluate 3 + -2 + 3 + (11 - 27).
-12
Evaluate -3 - (-9 + 17 + -6).
-5
What is 11 - ((-10 - (-6 - 32)) + -11)?
-6
What is 26 + (-26 - (4 + -14) - -6)?
16
Calculate -7 + 0 + (-434 - -450).
9
What is the value of (-12 - (-14 - 6)) + 1 + (4 - -1)?
14
What is the value of -4 + (10 + -4 + 0 - 9)?
-7
What is -22 - (2 - (-9 + 8 + 6)) - -8?
-11
Calculate (-12 + 15 - 19) + 12 - 12.
-16
Evaluate (-13 - (-14 - (-7 + 3))) + -18.
-21
What is the value of 2 - -2 - (-5 - -3) - 6?
0
What is (7 - 1) + 0 + (-2 - (-9 - -5))?
8
What is -65 + 33 + 39 - (-1 + 1 + -7)?
14
Calculate 1 + 6 + (9 - (1 - (7 - 8))).
14
Evaluate -11 + (-1 - 9) - -29.
8
Calculate 9 + -14 - ((-9 - -6) + -10).
8
What is -6 - (-9 + -12) - 18?
-3
What is (11 - -1) + -368 + 359?
3
Calculate 7 - ((0 - -4) + (19 - (-14 + 31))).
1
What is the value of 7 - (22 - (13 - 5))?
-7
Evaluate 5 - (-8 - 11 - -12).
12
-12 + 12 + -8 + -14 + (5 - 1)
-18
1 + 3 + -29 + -2 + 21
-6
Calculate -29 + 35 - (-3 + 5).
4
Calculate (5 + -1 - (0 + 0)) + (-106 - -92).
-10
What is the value of 1 - (-5 + 8) - (1 + 5 + -13)?
5
What is the value of (0 - -2 - (-8 + -36 - -39)) + -21?
-14
What is the value of (-3 - -14) + 2 + 4 + 2?
19
Evaluate 0 - (0 + 2 - (-28 + 41 + -21)).
-10
Evaluate (-6 - (13 - 32)) + -20 + -2.
-9
What is (185 - 187) + (-6 - (2 - (0 - 0)))?
-10
What is -7 - (-7 + (-2 - -6) + -3)?
-1
What is the value of 2 - (5 + -9) - (-1 - -14 - 4)?
-3
What is (-1 + 1 + 2 + -3 - -1) + 1?
1
What is the value of (8 + -13 + 5 - -1) + 1?
2
What is the value of 10 + -5 + 1 - (-4 + 7 + 14)?
-11
What is the value of -7 + 7 - ((-2 - (-4 + 2)) + 10)?
-10
What is (-53 - -17) + 52 - (4 + -2 - -10)?
4
What is the value of 23 - (32 - (3 + -20))?
-26
What is the value of -4 + (284 + -294 - (0 + 7))?
-21
Calculate 6 + -11 + 3 + -9 + 2 + -1.
-10
Calculate 6 + -23 + (-33 - (-33 - 0)).
-17
(-1 - -6 - -5) + -22 - -2 - -6
-4
What is -14 - 13 - 5 - -14?
-18
What is the value of -3 + 0 - (-8 + 3) - (9 + 5)?
-12
Calculate (-8 - ((-11 - -11) + 0)) + -14.
-22
Calculate -1 + (-13 - (-28 - -13)).
1
What is -26 - (